5 a prime number?
False
Is 47237 a prime number?
True
Is 656113 composite?
False
Is 11305771 a prime number?
True
Is 4233521 a composite number?
False
Is 3090959 a prime number?
True
Is 11049481 a prime number?
True
Is 29260393 a composite number?
True
Is 101351137 composite?
False
Is 4190819 composite?
True
Is 271505911 a composite number?
False
Is 353446969 composite?
True
Is 160119787 a composite number?
True
Is 704951717 composite?
False
Is 10538557 a composite number?
True
Is 6653459 a prime number?
False
Is 2287567 a prime number?
False
Is 38006845 a composite number?
True
Is 7581017 composite?
False
Is 155235527 a prime number?
True
Is 3485477 prime?
True
Is 13083311 a composite number?
True
Is 2264027 a composite number?
False
Is 31528967 a composite number?
False
Is 126980913 a composite number?
True
Is 380400001 prime?
True
Is 7390693 a composite number?
False
Is 40715497 a composite number?
True
Is 300117574 composite?
True
Is 16220951 prime?
True
Is 7511239 composite?
True
Is 948379 a prime number?
False
Is 3042007 composite?
False
Is 16378849 a prime number?
True
Is 187849 a prime number?
False
Is 3000758 a prime number?
False
Is 46749889 prime?
False
Is 8351711 a composite number?
True
Is 12045973 a composite number?
False
Is 475393 a composite number?
True
Is 69620833 a composite number?
False
Is 345855427 composite?
True
Is 213287119 composite?
True
Is 806035669 composite?
True
Is 5103257 a prime number?
True
Is 394673 composite?
False
Is 137850877 composite?
False
Is 12332981 a prime number?
True
Is 496127 a prime number?
True
Is 2588987 prime?
False
Is 51306097 a prime number?
False
Is 3868751 composite?
False
Is 202089553 composite?
False
Is 857798 composite?
True
Is 477619 composite?
False
Is 23681323 prime?
False
Is 7024603 prime?
False
Is 2319763 composite?
False
Is 144616561 a composite number?
False
Is 275677537 composite?
False
Is 47766317 a prime number?
True
Is 56690213 composite?
True
Is 49642949 a composite number?
False
Is 995219 a composite number?
False
Is 109700771 a composite number?
False
Is 819527 prime?
False
Is 571447 prime?
False
Is 1191737 a prime number?
False
Is 5161391 prime?
False
Is 33287389 a composite number?
True
Is 10423789 prime?
False
Is 25736339 prime?
True
Is 309093217 a prime number?
True
Is 6269663 composite?
False
Is 41999851 a composite number?
True
Is 54174091 a prime number?
False
Is 225721549 prime?
True
Is 20025543 a composite number?
True
Is 320315791 prime?
False
Is 12054737 composite?
True
Is 333683807 prime?
True
Is 17560261 a composite number?
False
Is 2984977 composite?
False
Is 15230543 a prime number?
True
Is 1384079 a composite number?
False
Is 13184849 prime?
False
Is 4338931 a composite number?
True
Is 18935993 a prime number?
True
Is 5290777 a composite number?
False
Is 17534423 prime?
True
Is 140003911 prime?
False
Is 21534217 a prime number?
False
Is 171380647 a prime number?
True
Is 7617527 a composite number?
False
Is 274224823 a composite number?
False
Is 915961 a prime number?
True
Is 4404742 prime?
False
Is 19587101 prime?
True
Is 1841918005 composite?
True
Is 25173823 a prime number?
True
Is 1533071 composite?
True
Is 785897881 a prime number?
False
Is 4798793 prime?
True
Is 110085991 composite?
True
Is 505601 prime?
True
Is 1121333 a prime number?
True
Is 1364897 a composite number?
False
Is 15846979 a composite number?
False
Is 374330477 composite?
False
Is 636815 a prime number?
False
Is 55725491 composite?
False
Is 37823717 a prime number?
True
Is 23895453 a prime number?
False
Is 22763761 a prime number?
False
Is 38079637 composite?
False
Is 11619863 composite?
True
Is 1938949 prime?
True
Is 10183099 prime?
False
Is 377298013 prime?
True
Is 205715513 a prime number?
True
Is 4595519 a prime number?
False
Is 573371 prime?
True
Is 784367 composite?
False
Is 76948211 composite?
True
Is 55577411 composite?
True
Is 9671377 prime?
True
Is 132296173 a prime number?
False
Is 478376491 composite?
True
Is 30290837 composite?
True
Is 33626467 a prime number?
False
Is 159167059 a prime number?
True
Is 3355621 a composite number?
False
Is 20160647 composite?
True
Is 9253789 a prime number?
True
Is 42431687 a composite number?
True
Is 23553353 composite?
False
Is 3365533 a prime number?
True
Is 10760413 a prime number?
True
Is 851509 composite?
True
Is 2888113 a composite number?
True
Is 218889665 prime?
False
Is 11098289 composite?
True
Is 699053 composite?
False
Is 419192921 a prime number?
False
Is 5060927 a prime number?
False
Is 10476527 a composite number?
True
Is 7779133 a composite number?
True
Is 129397399 a prime number?
False
Is 440716081 a prime number?
False
Is 4452379 a composite number?
False
Is 38821187 a composite number?
False
Is 32998957 a composite number?
True
Is 388182337 prime?
True
Is 1480811 composite?
False
Is 6618617 a prime number?
True
Is 2125373 prime?
True
Is 237075715 a composite number?
True
Is 153515161 composite?
False
Is 76721357 a composite number?
True
Is 1920145 prime?
False
Is 470667481 a prime number?
False
Is 13759495 composite?
True
Is 10696781 a composite number?
False
Is 1060061 a prime number?
True
Is 896247883 a composite number?
False
Is 1354110139 a prime number?
False
Is 4489549 prime?
True
Is 1094242 composite?
True
Is 45438649 a composite number?
True
Is 12148579 composite?
True
Is 5393959 prime?
True
Is 3378589 composite?
False
Is 850847 prime?
False
Is 35603753 a prime number?
False
Is 104042 prime?
False
Is 141058083 prime?
False
Is 105177299 composite?
False
Is 41543029 prime?
False
Is 82116305 prime?
False
Is 56197747 composite?
True
Is 3291941 a composite number?
True
Is 60854623 a composite number?
False
Is 8395817 composite?
False
Is 21264911 a composite number?
False
Is 203507553 a composite number?
True
Is 35759629 a prime number?
True
Is 9276559 prime?
False
Is 54532999 prime?
False
Is 157359251 a prime number?
False
Is 20017615 prime?
False
Is 48412766 a prime number?
False
Is 238358609 composite?
True
Is 10128059 prime?
False
Is 14340049 composite?
True
Is 704127439 prime?
True
Is 8853347 prime?
True
Is 239043089 composite?
False
Is 1071737 prime?
False
Is 7820231 prime?
True
Is 439897 a prime number?
False
Is 1952087 a prime number?
True
Is 49853849 a composite number?
True
Is 9271 prime?
False
Is 45124729 a composite number?
True
Is 124207561 prime?
False
Is 19366267 composite?
False
Is 6800047 composite?
False
Is 3000359 a composite number?
False
Is 24068443 prime?
False
Is 13310533 composite?
False
Is 2732029 a composite number?
True
Is 211949819 a prime number?
True
Is 21986407 composite?
False
Is 114587129 a composite number?
True
Is 272203957 prime?
False
Is 6891823 composite?
False
Is 1916021 a prime number?
True
Is 4739857 composite?
False
Is 455479709 prime?
True
Is 305224723 a prime number?
True
Is 12562001 a composite number?
False
Is 1064003 a prime number?
False
Is 6208537 prime?
True
Is 77683961 prime?
True
Is 23300401 composite?
False
Is 533311 a composite number?
True
Is 1783493 a composite number?
False
Is 4310317 composite?
True
Is 4684297 composite?
False
Is 1270939 a prime number?
False
Is 204011 a composite number?
True
Is 87566783 a prime number?
False
Is 33724637 a composite number?
False
Is 2114615 a composite number?
True
Is 2256159 a prime number?
False
Is 989530351 composite?
False
Is 40927019 a prime number?
False
Is 476780855 prime?
False
Is 545191 prime?
False
Is 21701 a prime number?
True
Is 31794059 a prime number?
False
Is 11264299 a prime number?
False
Is 2488697 a prime number?
False
Is 268431 composite?
True
Is 21667757 a prime number?
True
Is 2956621 composite?
False
Is 3681253 composite?
False
Is 11707159 a composite number?
False
Is 13554943 prime?
False
Is 1014371 composite?
False
Is 1896369 a prime number?
False
Is 1585241 prime?
False
Is 3245363 composite?
True
Is 66271247 composite?
True
Is 3290219 composite?
True
Is 80775839 composite?
True
Is 7855099 prime?
False
Is 6833443 a prime number?
True
Is 388047719 a composite number?
True
Is 144563 a composite number?
False
Is 227947 a composite number?
False
Is 5140117 composite?
False
Is 103137145 a composite number?
True
Is 6046741 a prime number?
False
Is 27290129 prime?
False
Is 99955 a prime number?
False
Is 20